5
-8
What is -320 (base 8) in base 13?
-130
What is -33 (base 6) in base 10?
-21
What is 11 (base 9) in base 14?
a
What is -110 (base 6) in base 11?
-39
What is -1 (base 13) in base 2?
-1
Convert -22 (base 4) to base 5.
-20
0 (base 7) to base 15
0
-20 (base 6) to base 3
-110
Convert 7 (base 8) to base 10.
7
Convert 22 (base 4) to base 7.
13
-1b (base 13) to base 9
-26
What is 6 (base 10) in base 11?
6
Convert 1200 (base 3) to base 4.
231
What is -10 (base 12) in base 9?
-13
-7 (base 16) to base 10
-7
2 (base 8) to base 2
10
Convert 1111 (base 2) to base 8.
17
Convert 0 (base 5) to base 10.
0
-116 (base 15) to base 14
-138
What is 11 (base 5) in base 9?
6
What is -11 (base 4) in base 10?
-5
-5 (base 8) to base 9
-5
a (base 13) to base 2
1010
What is -12 (base 16) in base 10?
-18
Convert -25 (base 13) to base 14.
-23
What is 17 (base 10) in base 13?
14
Convert 3 (base 6) to base 12.
3
4 (base 10) to base 6
4
Convert 50 (base 7) to base 15.
25
-11210 (base 3) to base 6
-333
12 (base 10) to base 5
22
Convert -5 (base 6) to base 12.
-5
-21 (base 9) to base 11
-18
-b (base 15) to base 9
-12
11 (base 4) to base 12
5
-21100 (base 3) to base 9
-240
Convert 7 (base 15) to base 2.
111
Convert 34 (base 7) to base 12.
21
Convert -2 (base 7) to base 10.
-2
Convert -20 (base 3) to base 2.
-110
16 (base 16) to base 13
19
What is ce (base 16) in base 8?
316
110110 (base 2) to base 11
4a
What is 1132 (base 4) in base 16?
5e
Convert a9 (base 11) to base 8.
167
What is 10102 (base 3) in base 5?
332
What is 13 (base 5) in base 8?
10
-1 (base 15) to base 6
-1
What is -15 (base 8) in base 4?
-31
Convert 1 (base 9) to base 5.
1
4 (base 10) to base 16
4
What is 7 (base 13) in base 8?
7
Convert 11 (base 4) to base 9.
5
What is 72 (base 16) in base 9?
136
What is -110 (base 2) in base 16?
-6
What is -29 (base 10) in base 16?
-1d
What is -1c (base 13) in base 6?
-41
-36 (base 10) to base 16
-24
323 (base 4) to base 5
214
What is -15 (base 6) in base 16?
-b
4 (base 6) to base 7
4
Convert -1 (base 7) to base 6.
-1
Convert 5 (base 13) to base 6.
5
-32 (base 4) to base 3
-112
-2 (base 16) to base 2
-10
-11 (base 7) to base 13
-8
What is -284 (base 9) in base 10?
-238
-8 (base 13) to base 16
-8
What is -100111 (base 2) in base 8?
-47
What is 15 (base 7) in base 14?
c
132 (base 6) to base 9
62
1 (base 2) to base 11
1
Convert 201 (base 5) to base 13.
3c
59 (base 14) to base 7
142
Convert 131 (base 6) to base 2.
110111
What is 2 (base 5) in base 6?
2
Convert 8 (base 12) to base 9.
8
191 (base 10) to base 15
cb
What is 120 (base 6) in base 4?
300
Convert -140 (base 5) to base 6.
-113
-18 (base 14) to base 11
-20
Convert 243 (base 8) to base 3.
20001
-204 (base 5) to base 16
-36
-13 (base 7) to base 13
-a
3 (base 6) to base 11
3
Convert -3 (base 4) to base 11.
-3
-3 (base 7) to base 14
-3
Convert -20 (base 8) to base 3.
-121
Convert 40 (base 12) to base 6.
120
Convert 107 (base 8) to base 9.
78
1 (base 5) to base 10
1
Convert 542 (base 7) to base 16.
113
Convert -4 (base 14) to base 12.
-4
-30 (base 4) to base 8
-14
-212 (base 3) to base 16
-17
What is -2010 (base 3) in base 2?
-111001
What is 11 (base 12) in base 14?
d
2 (base 4) to base 5
2
What is 1d (base 16) in base 14?
21
Convert 49 (base 10) to base 7.
100
What is 113 (base 4) in base 16?
17
Convert 15 (base 14) to base 11.
18
0 (base 3) to base 5
0
Convert -1 (base 11) to base 15.
-1
What is 19 (base 12) in base 9?
23
-9 (base 12) to base 13
-9
14 (base 8) to base 6
20
Convert 11 (base 7) to base 15.
8
-9 (base 14) to base 16
-9
Convert -312 (base 10) to base 11.
-264
2 (base 7) to base 8
2
What is -38 (base 9) in base 10?
-35
Convert 1221 (base 3) to base 15.
37
What is -3 (base 16) in base 12?
-3
What is -1 (base 12) in base 14?
-1
41 (base 16) to base 6
145
11 (base 3) to base 9
4
Convert 4 (base 5) to base 7.
4
What is -3 (base 4) in base 16?
-3
11 (base 3) to base 15
4
80 (base 12) to base 3
10120
Convert -7 (base 11) to base 2.
-111
Convert -29 (base 16) to base 2.
-101001
What is -44 (base 13) in base 6?
-132
-1 (base 8) to base 4
-1
49 (base 10) to base 12
41
-14 (base 9) to base 14
-d
Convert -8 (base 13) to base 5.
-13
Convert 4 (base 7) to base 10.
4
11a (base 14) to base 16
dc
-1000100 (base 2) to base 14
-4c
Convert 8 (base 9) to base 7.
11
Convert -a (base 13) to base 11.
-a
Convert 3 (base 15) to base 7.
3
Convert -3 (base 4) to base 8.
-3
Convert -220 (base 3) to base 11.
-22
What is -10 (base 2) in base 9?
-2
Convert 23 (base 4) to base 8.
13
Convert 183 (base 9) to base 6.
420
What is 6 (base 15) in base 2?
110
-2 (base 4) to base 2
-10
3 (base 7) to base 2
11
What is -2 (base 10) in base 2?
-10
What is 543 (base 7) in base 12?
1b0
-2 (base 10) to base 8
-2
Convert -10101 (base 2) to base 11.
-1a
What is -14 (base 6) in base 7?
-13
What is 4 (base 10) in base 7?
4
65 (base 10) to base 3
2102
Convert 330 (base 5) to base 12.
76
What is 1 (base 7) in base 12?
1
Convert 3 (base 11) to base 5.
3
-3 (base 6) to base 5
-3
-4 (base 8) to base 9
-4
What is 77 (base 13) in base 16?
62
What is -1 (base 3) in base 9?
-1
What is 1 (base 13) in base 11?
1
-7 (base 16) to base 13
-7
What is 110 (base 2) in base 7?
6
-6 (base 9) to base 8
-6
Convert 158 (base 13) to base 12.
182
Convert -175 (base 10) to base 14.
-c7
What is 5 (base 8) in base 4?
11
Convert ae (base 15) to base 5.
1124
What is -2 (base 5) in base 2?
-10
-4 (base 13) to base 10
-4
Convert -2 (base 11) to base 2.
-10
What is 22 (base 9) in base 2?
10100
Convert -10 (base 4) to base 11.
-4
Convert -2 (base 13) to base 3.
-2
What is 1111111 (base 2) in base 11?
106
What is 59 (base 13) in base 9?
82
Convert 3 (base 15) to base 3.
10
Convert -77 (base 12) to base 8.
-133
Convert -6 (base 14) to base 6.
-10
341 (base 7) to base 16
b0
What is df (base 16) in base 10?
223
3 (base 5) to base 15
3
What is 2 (base 11) in base 3?
2
What is b (base 12) in base 13?
b
1b (base 15) to base 14
1c
Convert -100100 (base 3) to base 9.
-310
Convert 101 (base 3) to base 10.
10
What is 4 (base 8) in base 4?
10
30 (base 15) to base 9
50
Convert 5d (base 14) to base 3.
10002
-11 (base 13) to base 7
-20
Convert -1124 (base 6) to base 15.
-12d
What is -73 (base 12) in base 14?
-63
What is 11 (base 15) in base 10?
16
1001 (base 5) to base 14
90
Convert -11 (base 3) to base 16.
-4
2 (base 14) to base 9
2
What is 100111001 (base 2) in base 14?
185
What is 4 (base 12) in base 6?
4
Convert -15 (base 15) to base 3.
-202
-3 (base 12) to base 4
-3
-201 (base 7) to base 9
-120
Convert 30 (base 5) to base 6.
23
-111110 (base 2) to base 5
-222
What is 77 (base 15) in base 16?
70
What is -54 (base 11) in base 3?
-2012
Convert -a (base 12) to base 13.
-a
-2 (base 8) to base 14
-2
What is 52 (base 12) in base 8?
76
12 (base 14) to base 6
24
Convert -6 (base 9) to base 7.
-6
What is -4 (base 7) in base 4?
-10
Convert -2 (base 16) to base 8.
-2
3 (base 9) to base 3
10
What is 4 (base 12) in base 14?
4
What is 2 (base 4) in base 14?
2
Convert -3a (base 12) to base 3.
-1201
-24 (base 15) to base 2
-100010
Convert -16 (base 16) to base 14.
-18
7 (base 16) to base 6
11
-8 (base 16) to base 9
-8
-3 (base 13) to base 16
-3
Convert 303 (base 5) to base 11.
71
20 (base 4) to base 2
1000
Convert -10 (base 2) to base 7.
-2
Convert 2 (base 16) to base 5.
2
What is -4 (base 10) in base 4?
-10
-1 (base 14) to base 7
-1
What is -1011 (base 2) in base 3?
-102
1012 (base 4) to base 14
50
What is -1 (base 11) in base 10?
-1
Convert -1 (base 2) to base 8.
-1
What is -6 (base 13) in base 11?
-6
What is -100000000 (base 2) in base 10?
-256
What is -c (base 14) in base 13?
-c
What is 2 (base 7) in base 12?
2
Convert 1b (base 15) to base 4.
122
What is -8 (base 11) in base 5?
-13
-14 (base 5) to base 3
-100
-7 (base 10) to base 5
-12
Convert -31 (base 8) to base 6.
-41
Convert -21 (base 6) to base 9.
-14
What is 38 (base 12) in base 6?
112
Convert -111 (base 6) to base 7.
-61
Convert -2 (base 14) to base 9.
-2
-26 (base 11) to base 10
-28
Convert -2 (base 6) to base 15.
-2
Convert 9 (base 12) to base 9.
10
What is -1 (base 5) in base 11?
-1
187 (base 11) to base 6
1000
What is 2 (base 12) in base 7?
2
What is 133 (base 7) in base 10?
73
What is -53 (base 8) in base 15?
-2d
-3 (base 16) to base 7
-3
Convert -8 (b